 be u(1). Let i be (-4 + m/(-4))*0. Let z(t) = -t**3 + t + 2*t**3 + i*t + 2 + t. Calculate z(-2).
-10
Let m(t) = -t**2 + t - 1. Let f(q) = q**3 - 3*q**2 - 7*q + 8. Let g(j) = -f(j) - 6*m(j). Calculate g(9).
7
Let h(v) be the first derivative of -5*v**4/4 + 36. Determine h(1).
-5
Suppose -y = 3*p - 6*y - 19, p + 1 = -2*y. Let o(m) = -m**2 - 2*m**2 - m**3 + 6*m**3 + 3 - 4*m**3. Calculate o(p).
3
Let n be 372/60 - 1/5. Suppose 0 = 5*b + 5*s - 30, 5*b + n - 32 = -4*s. Let z(m) = m**3 - m + 2. Give z(b).
8
Suppose -5*m = d - 10, 3*d = -2*m - 2*m + 8. Let s be (-3 - (4 + m)) + 2. Let p(y) = -y**3 - 8*y**2 - 10*y - 8. Calculate p(s).
13
Let y(a) = 8*a**3 - 17*a**3 - 4*a**2 + 8*a + 10*a**3 - 3*a**2 - 3. Let b = -16 - -22. Determine y(b).
9
Let v(x) = -x**2 - 10*x + 15. Let s be v(-11). Suppose 4*t = 4*m + 8 - 0, -s*m - 3*t = 1. Let q(l) = -2*l**3 - l**2 - l. Calculate q(m).
2
Let k(o) = -o**3 + 4*o**2 + o - 3. Suppose 1 = v + 2*g, 3*v = g - 120 + 130. Calculate k(v).
9
Let s(w) = -w**3 - 6*w**2 + 8*w + 10. Suppose 0*g + 9*g = -63. Determine s(g).
3
Let p = 14 + -12. Let d(w) = -w**3 + 3*w**2 + 2*w - 4. Let y be d(3). Let f(k) = k**3 - 4*k + 6*k - k**2 - k**y - 3. What is f(p)?
1
Let u be 0 + -2 + -2 + 6. Let o(n) = n - n**u + 5 + 12 - 11. Determine o(0).
6
Let d = 354 + -371. Let r(k) = -2*k - 38. What is r(d)?
-4
Let m(t) be the first derivative of t**2/2 + 17*t + 6. Let i be m(-13). Let d(c) = -c + 0*c + c**2 - 5*c - 1 + i*c. What is d(4)?
7
Let k(o) = -7*o + 1. Let l = 62 + -61. Suppose -3*j + 2 + 4 = 0. Suppose -j*x = -x + l. Give k(x).
8
Let a(d) = d**3 - 9*d**2 + 21. Let u(o) = -o**2 + o + 2. Let w(x) = a(x) - 3*u(x). Give w(6).
-3
Let v(d) = -d**2 - d - 1. Let i be (-7)/(-2)*(-4 - 2). Let g = -23 - i. Calculate v(g).
-3
Let b(x) = x**3 - 4*x**2 + 5*x - 6. Let z(q) be the first derivative of 4*q**2 - 60*q + 17. Let v be z(8). Give b(v).
14
Let s(r) = 19*r - 2 + 13*r - 25*r + 5 - 4*r. Let i be 21/(-12) - (-2)/(-8). Calculate s(i).
-3
Let h(j) = 2 + 3*j - 2*j - 9. Let n(q) = 3*q**2 - 7*q - 1. Let v be n(3). What is h(v)?
-2
Let q(z) = -7*z + 14. Let s(m) = m**2 - 33*m + 68. Let w be s(2). What is q(w)?
-28
Suppose -4*s - 2*s = 558. Let k = -90 - s. Let j(q) = -9*q + 4. Determine j(k).
-23
Let r(a) be the first derivative of a**3/3 + a**2/2 - 4*a + 141. Give r(-4).
8
Suppose 0 = -2*l - 2*c - 2 + 8, -3*c = -2*l + 16. Suppose 3 = -q, 3*f + 0*f + 3 = -l*q. Let g(a) = 2 - 3*a - 8 - 2*a + f*a. Determine g(-5).
-1
Let j(w) = -w + 8. Let q(b) = -b**2 + 12*b + 22. Let c be q(7). Let r = 64 - c. Determine j(r).
1
Let w(p) = 153*p**2 - 69*p**2 + 3*p - 4 + 2*p**3 - 89*p**2. Calculate w(4).
56
Let h(g) be the third derivative of -g**6/720 - g**5/30 + 31*g**4/24 - 40*g**2. Let c(l) be the second derivative of h(l). Give c(0).
-4
Let n be 2/4 - (-68)/8. Let d(y) = n*y**3 + 4*y**3 - 5*y**3. Let k(u) = -u**2 - 2*u + 9. Let v be k(-4). Determine d(v).
8
Let q(b) be the second derivative of b**4/12 + 2*b**3/3 + b**2 + 38*b. What is q(-4)?
2
Let t(p) be the third derivative of p**4/4 + p**3/2 - 84*p**2. Calculate t(-2).
-9
Let t be ((-2)/(-3))/(7/21). Suppose 0 = 3*l + t*l + 30. Let c(i) = i**2 + 6*i. Determine c(l).
0
Let u(i) = -i**3 + 11*i**2 - 3*i + 24. Let q be u(11). Let f(k) = -k**2 - 9*k - 5. Give f(q).
-5
Suppose -z + 5*t = -221, 2*z = -0*z - 3*t + 494. Let a(d) = -d + 241 - z. Calculate a(8).
-8
Suppose 5*z = 150 + 15. Let t(c) = -30*c + 8 - 9 + z*c. Give t(-2).
-7
Let o(v) = -v**2 + 3*v. Let n = -659 + 654. What is o(n)?
-40
Let p(m) = -m - 2. Let o(h) = 36*h - 359. Let j be o(10). Determine p(j).
-3
Let v(g) be the second derivative of 0 - 1/3*g**3 + 7*g - 3/2*g**2 + 1/20*g**5 - 1/3*g**4. Determine v(4).
-11
Let s(q) be the third derivative of -q**4/24 - q**3/3 + 31*q**2. What is s(4)?
-6
Let x(c) = 4*c**2 + 22*c + 43. Let t(l) = -6*l**2 - 33*l - 64. Let d(k) = 5*t(k) + 7*x(k). Give d(-3).
-4
Let q be 9 - ((-3)/1 + 2). Let n(k) = k**3 - 11*k**2 + 10*k + 2. Let u be n(q). Let y(i) = -3*i - 3*i**2 - i + 2*i**u + 0*i**2. Give y(-3).
3
Let n(h) = h**3 - 2*h**3 - 6*h**2 + 5*h - 1 + 7 - 9*h. Determine n(-3).
-9
Let l = -3 + -1. Let p(w) = -10 + 5*w + 5*w**2 + w**3 + w - 4 + 17. Give p(l).
-5
Let c be (10 + 1)*(-4 - -5). Let r(u) = -55*u**2 - 51*u**2 - 6 - c*u + 105*u**2. Give r(-8).
18
Let s(h) = 229*h**3 + 31 + 2*h + 13*h**2 - 114*h**3 + 5*h**2 - 114*h**3. Calculate s(-18).
-5
Suppose -f + 0 = 2*x - 10, 4*x + 3*f = 16. Let o(c) = c**2 - 3*c**2 - x*c**2 - c. Determine o(1).
-10
Let u(r) = -r + 2. Let z be u(-5). Let b(j) = j**2 + 4*j - 48. Let v be b(-10). Let q(l) = -6 + v*l + z*l - 18*l. What is q(4)?
-2
Let j be 15/75 + ((-55)/25 - 2). Let l(p) = -4*p - 6. Calculate l(j).
10
Let i = 10 - 7. Let o(r) = i - 7*r + 9*r + 3*r**2 - 2*r**2 - r**3. What is o(-2)?
11
Let x be 5/(15/9) - 0. Let u(t) = t**3 + t + 3 - 9*t**2 + 4*t**2 + 4*t + 0*t**2 - 4*t. Determine u(x).
-12
Let q(b) = -4*b - 20. Let n be q(-6). Suppose -n*y = -2*y - 16. Let w(i) = -i**2 + 8*i - 2. What is w(y)?
-2
Let i = -12 - -17. Let z(g) = 3*g + 2. Let b be z(2). Let n(a) = -8*a**2 - 1 + 4*a + 2 - a**2 + b*a**2. What is n(i)?
-4
Let j(u) = u**2 + 2*u. Let x be (-1)/(((-2)/(-10))/(-1)). Suppose -x*g + g - 12 = 0. Calculate j(g).
3
Let u(d) = -d. Suppose 3*c = -l - 15, -3*c + 4*c - 9 = -5*l. What is u(c)?
6
Let f(p) = 6*p + 0*p - 8 + 2*p - 7*p. What is f(-5)?
-13
Suppose 0 = -5*g - 4*o - 17, 2*o = -3*g - o - 12. Let c be g/(6/10)*-3. Let k(z) = -z**3 + 5*z**2 - z. What is k(c)?
-5
Let r(p) = -p - 1. Let d be 1/2*-9 + 2/4. Let y(v) = 1 - 2 - 4 + 7 + 6*v. Let g(u) = d*r(u) - y(u). Determine g(-6).
14
Let u(o) be the third derivative of o**6/120 - o**5/6 - 11*o**4/24 + o**3/6 + 11*o**2 + 2*o. What is u(11)?
1
Let i(a) = -a**3 - a**2 - 2*a. Let c(w) = w**3 + w**2 + 3*w - 13. Let j(l) = c(l) + 2*i(l). Determine j(0).
-13
Let b(w) = -14*w - 3. Let f(p) = 5*p + 1. Let n(h) = -6*b(h) - 17*f(h). Suppose -35*x = -37*x + 14. Give n(x).
-6
Let q(t) = -15*t**2 - 1. Suppose 12*r + 4*r = 16. Give q(r).
-16
Let f(q) = -14*q**2 + 3. Let j(u) = -15*u**2 + 4. Let t(r) = 3*f(r) - 2*j(r). Let o(k) = -k + 4. Let a be o(-5). Suppose -v + 8 = a. What is t(v)?
-11
Let m(y) = -13*y - 1. Let w(u) = 3*u - 7. Let v(n) = 5*n - 13. Let p(k) = -6*v(k) + 11*w(k). Let h be p(1). Let r be (-1)/(h - 3 - 0). Calculate m(r).
12
Let z(v) = -9*v - 63. Let f be z(-7). Let q(g) = 22 + g - 13 + f*g. Give q(-6).
3
Let c(o) = o**3 + 3*o**2 + o - 1. Suppose -3*t + 6 = 5*w, -4 = t - 3*w + 8. What is c(t)?
-4
Let o(j) = j + 1. Let k(b) = 6. Let t(y) = -k(y) + 3*o(y). Suppose -8*l + 5*l = -9. Give t(l).
6
Let g(o) = -3*o**2 - o + 3. Let a be ((-416)/156)/(2/3). Give g(a).
-41
Let g be (-4)/1*(0 - 1). Let x be (-30)/g*4/5. Let w(o) = -o**3 + 1 + 0 + 2*o**3 - 8 + 6*o**2. Determine w(x).
-7
Suppose -15 = -151*s + 148*s. Let f(b) = b**2 - 2*b. Determine f(s).
15
Let m(v) = 7*v - 5. Suppose 25 = -2*z + 3*d + 30, -3*z - d - 20 = 0. What is m(z)?
-40
Let n(l) = l**2 + 9*l + 5. Let y be -9 - (-1 - -2)*-1. Determine n(y).
-3
Let a(q) = -q**3 + 3*q**2 + 5*q - 6. Let m = 77 + -74. Suppose -4*u + 5*b = -6, -m*b + 8 = b. What is a(u)?
-2
Suppose -2*x = -l - 2, 3*l = -x + 4 + 18. Let m(y) = -18*y - 12*y + 7 + 27*y + 2. Give m(l).
-9
Let j(y) = y**3 + 5*y**2 - 6*y + 2. Let f be j(-6). Let g(q) = -f*q**2 + 2 + q + q**2 + 2*q**2 - 7*q. Give g(4).
-6
Let u(m) = 0*m - 2*m**2 + 5*m + 0*m**2 + 2 - m**3. Let j = 2450 - 2453. Determine u(j).
-4
Let s(q) = 3*q**2 + 3*q - 15. Suppose -5 = -3*h + 10. Let d(b) = 4*b**2 + 5*b - 22. Let y(u) = h*d(u) - 7*s(u). Calculate y(4).
-5
Suppose 10*a = 7*a + 9. Let p(q) = a*q**2 - q**2 - 3*q**2 + 6 + 0*q**2. Determine p(0).
6
Suppose 5*u - 25 = -5*y, -13*y + 15 = u - 10*y. Let s(r) = -r**2 - 1 + r + 8 - 1. Calculate s(u).
6
Suppose 0 = 2*j + 4 - 10. Let c(y) be the third derivative of 0*y + 0 - 1/6*y**3 - 1/30*y**5 + 6*y**2 + 1/12*y**4. Give c(j).
-13
Let c(q) = -6*q + 1. Let y be (-10)/8*(-4)/1. Suppose 0*x + 5*x = 5*i - y, 2*x + 5*i = -2. What is c(x)?
7
Let g(a) = a + 15. Let v be g(3). Suppose 0 = -8*m + 11*m + v. Let d(j) = 6*j - 3 + j**2 + 0*j**2 + 0*j. What is d(m)?
-3
Let b be 1*(-3)/12*-4. Let g(m) = -17*m**2 - b + 2*m + 40*m**2 - 22*m**2 - 13*m. Determine g(11).
-1
Let t = -14 - -23. Let u be (-6)/9 - 12/t. Let q(h) be t